{"id":35,"date":"2023-10-19T17:20:18","date_gmt":"2023-10-19T15:20:18","guid":{"rendered":"https:\/\/sylviacreation.fr\/?page_id=35"},"modified":"2026-04-02T16:51:53","modified_gmt":"2026-04-02T14:51:53","slug":"contact","status":"publish","type":"page","link":"https:\/\/sylviacreation.fr\/index.php\/contact\/","title":{"rendered":"Contact"},"content":{"rendered":"\t\t<div data-elementor-type=\"wp-page\" data-elementor-id=\"35\" class=\"elementor elementor-35\">\n\t\t\t\t<div class=\"elementor-element elementor-element-690d3af e-flex e-con-boxed e-con e-parent\" data-id=\"690d3af\" data-element_type=\"container\" data-e-type=\"container\">\n\t\t\t\t\t<div class=\"e-con-inner\">\n\t\t\t\t<div class=\"elementor-element elementor-element-70c70ed elementor-widget elementor-widget-heading\" data-id=\"70c70ed\" data-element_type=\"widget\" data-e-type=\"widget\" data-widget_type=\"heading.default\">\n\t\t\t\t<div class=\"elementor-widget-container\">\n\t\t\t\t\t<h2 class=\"elementor-heading-title elementor-size-default\">Un projet d'am\u00e9nagement ou de d\u00e9coration ? On prend rendez-vous ?<\/h2>\t\t\t\t<\/div>\n\t\t\t\t<\/div>\n\t\t\t\t\t<\/div>\n\t\t\t\t<\/div>\n\t\t<div class=\"elementor-element elementor-element-d942ec9 e-flex e-con-boxed e-con e-parent\" data-id=\"d942ec9\" data-element_type=\"container\" data-e-type=\"container\">\n\t\t\t\t\t<div class=\"e-con-inner\">\n\t\t\t\t<div class=\"elementor-element elementor-element-fb0acc2 elementor-widget elementor-widget-text-editor\" data-id=\"fb0acc2\" data-element_type=\"widget\" data-e-type=\"widget\" data-widget_type=\"text-editor.default\">\n\t\t\t\t<div class=\"elementor-widget-container\">\n\t\t\t\t\t\t\t\t\t<p>Conception sur plan et en volume 3D, de l&rsquo;esquisse au dossier de consultation des entreprises. <strong>Particuliers &amp; professionnels.<\/strong><\/p><p>Nous vous accompagnons dans le suivi de la r\u00e9alisation de votre projet, des premi\u00e8res id\u00e9es \u00e0 la r\u00e9ception de fin de chantier.<\/p><p>Je me d\u00e9place pour vous rencontrer en <strong>Savoie, Haute Savoie, Is\u00e8re, Rh\u00f4ne, Ain, Paris, Ile de France et Suisse<\/strong><\/p>\t\t\t\t\t\t\t\t<\/div>\n\t\t\t\t<\/div>\n\t\t\t\t\t<\/div>\n\t\t\t\t<\/div>\n\t\t<div class=\"elementor-element elementor-element-4337407 e-flex e-con-boxed e-con e-parent\" data-id=\"4337407\" data-element_type=\"container\" data-e-type=\"container\">\n\t\t\t\t\t<div class=\"e-con-inner\">\n\t\t\t\t<div class=\"elementor-element elementor-element-1ea0edb elementor-widget elementor-widget-image\" data-id=\"1ea0edb\" data-element_type=\"widget\" data-e-type=\"widget\" data-widget_type=\"image.default\">\n\t\t\t\t<div class=\"elementor-widget-container\">\n\t\t\t\t\t\t\t\t\t\t\t\t\t\t\t<img fetchpriority=\"high\" decoding=\"async\" width=\"512\" height=\"384\" src=\"https:\/\/sylviacreation.fr\/wp-content\/uploads\/2023\/10\/image-web-Sylvia-Noir-Blanc-2.jpg\" class=\"attachment-large size-large wp-image-55\" alt=\"\" srcset=\"https:\/\/sylviacreation.fr\/wp-content\/uploads\/2023\/10\/image-web-Sylvia-Noir-Blanc-2.jpg 512w, https:\/\/sylviacreation.fr\/wp-content\/uploads\/2023\/10\/image-web-Sylvia-Noir-Blanc-2-300x225.jpg 300w\" sizes=\"(max-width: 512px) 100vw, 512px\" \/>\t\t\t\t\t\t\t\t\t\t\t\t\t\t\t<\/div>\n\t\t\t\t<\/div>\n\t\t\t\t<div class=\"elementor-element elementor-element-19e9d2b elementor-align-center elementor-icon-list--layout-traditional elementor-list-item-link-full_width elementor-widget elementor-widget-icon-list\" data-id=\"19e9d2b\" data-element_type=\"widget\" data-e-type=\"widget\" data-widget_type=\"icon-list.default\">\n\t\t\t\t<div class=\"elementor-widget-container\">\n\t\t\t\t\t\t\t<ul class=\"elementor-icon-list-items\">\n\t\t\t\t\t\t\t<li class=\"elementor-icon-list-item\">\n\t\t\t\t\t\t\t\t\t\t\t<a href=\"tel:0782406765\">\n\n\t\t\t\t\t\t\t\t\t\t\t\t<span class=\"elementor-icon-list-icon\">\n\t\t\t\t\t\t\t<i aria-hidden=\"true\" class=\"fas fa-phone-volume\"><\/i>\t\t\t\t\t\t<\/span>\n\t\t\t\t\t\t\t\t\t\t<span class=\"elementor-icon-list-text\">07 82 40 67 65 <\/span>\n\t\t\t\t\t\t\t\t\t\t\t<\/a>\n\t\t\t\t\t\t\t\t\t<\/li>\n\t\t\t\t\t\t\t\t<li class=\"elementor-icon-list-item\">\n\t\t\t\t\t\t\t\t\t\t\t<a href=\"mailto:sylvia.ravaux@gmail.com\">\n\n\t\t\t\t\t\t\t\t\t\t\t\t<span class=\"elementor-icon-list-icon\">\n\t\t\t\t\t\t\t<i aria-hidden=\"true\" class=\"fas fa-mail-bulk\"><\/i>\t\t\t\t\t\t<\/span>\n\t\t\t\t\t\t\t\t\t\t<span class=\"elementor-icon-list-text\">sylvia.ravaux@gmail.com<\/span>\n\t\t\t\t\t\t\t\t\t\t\t<\/a>\n\t\t\t\t\t\t\t\t\t<\/li>\n\t\t\t\t\t\t<\/ul>\n\t\t\t\t\t\t<\/div>\n\t\t\t\t<\/div>\n\t\t\t\t\t<\/div>\n\t\t\t\t<\/div>\n\t\t<div class=\"elementor-element elementor-element-6dcf8e49 e-con-full e-flex e-con e-parent\" data-id=\"6dcf8e49\" data-element_type=\"container\" data-e-type=\"container\" id=\"next\">\n\t\t\t\t<div class=\"elementor-element elementor-element-7f2d3e3b elementor-widget elementor-widget-heading\" data-id=\"7f2d3e3b\" data-element_type=\"widget\" data-e-type=\"widget\" data-widget_type=\"heading.default\">\n\t\t\t\t<div class=\"elementor-widget-container\">\n\t\t\t\t\t<h3 class=\"elementor-heading-title elementor-size-default\">Les prestations<\/h3>\t\t\t\t<\/div>\n\t\t\t\t<\/div>\n\t\t<div class=\"elementor-element elementor-element-749e8025 e-con-full e-flex e-con e-child\" data-id=\"749e8025\" data-element_type=\"container\" data-e-type=\"container\">\n\t\t<div class=\"elementor-element elementor-element-382b5ec8 e-con-full e-flex e-con e-child\" data-id=\"382b5ec8\" data-element_type=\"container\" data-e-type=\"container\">\n\t\t\t\t<div class=\"elementor-element elementor-element-4c12322b elementor-position-top elementor-widget elementor-widget-image-box\" data-id=\"4c12322b\" data-element_type=\"widget\" data-e-type=\"widget\" data-widget_type=\"image-box.default\">\n\t\t\t\t<div class=\"elementor-widget-container\">\n\t\t\t\t\t<div class=\"elementor-image-box-wrapper\"><figure class=\"elementor-image-box-img\"><a href=\"#\" tabindex=\"-1\"><img decoding=\"async\" width=\"720\" height=\"480\" src=\"https:\/\/sylviacreation.fr\/wp-content\/uploads\/2023\/10\/mobile-791164__480.jpg\" class=\"elementor-animation-grow attachment-full size-full wp-image-352\" alt=\"\" srcset=\"https:\/\/sylviacreation.fr\/wp-content\/uploads\/2023\/10\/mobile-791164__480.jpg 720w, https:\/\/sylviacreation.fr\/wp-content\/uploads\/2023\/10\/mobile-791164__480-300x200.jpg 300w\" sizes=\"(max-width: 720px) 100vw, 720px\" \/><\/a><\/figure><div class=\"elementor-image-box-content\"><h4 class=\"elementor-image-box-title\"><a href=\"#\">Coaching D\u00e9co<\/a><\/h4><p class=\"elementor-image-box-description\">On se donne rendez-vous chez vous pour \u00e9changer sur vos besoins, vos envies, votre mode de vie, votre budget\u2026 On r\u00e9pond \u00e0 vos probl\u00e9matiques sur les couleurs, le choix des mat\u00e9riaux, du mobilier\u2026 \n\n\n\nPrestation de 2 heures pour 1 pi\u00e8ce<\/p><\/div><\/div>\t\t\t\t<\/div>\n\t\t\t\t<\/div>\n\t\t\t\t<\/div>\n\t\t<div class=\"elementor-element elementor-element-7f1aecec e-con-full e-flex e-con e-child\" data-id=\"7f1aecec\" data-element_type=\"container\" data-e-type=\"container\">\n\t\t\t\t<div class=\"elementor-element elementor-element-319cf277 elementor-position-top elementor-widget elementor-widget-image-box\" data-id=\"319cf277\" data-element_type=\"widget\" data-e-type=\"widget\" data-widget_type=\"image-box.default\">\n\t\t\t\t<div class=\"elementor-widget-container\">\n\t\t\t\t\t<div class=\"elementor-image-box-wrapper\"><figure class=\"elementor-image-box-img\"><a href=\"#\" tabindex=\"-1\"><img decoding=\"async\" width=\"640\" height=\"480\" src=\"https:\/\/sylviacreation.fr\/wp-content\/uploads\/2023\/10\/interior-1753743__480.jpg\" class=\"elementor-animation-grow attachment-full size-full wp-image-353\" alt=\"\" srcset=\"https:\/\/sylviacreation.fr\/wp-content\/uploads\/2023\/10\/interior-1753743__480.jpg 640w, https:\/\/sylviacreation.fr\/wp-content\/uploads\/2023\/10\/interior-1753743__480-300x225.jpg 300w\" sizes=\"(max-width: 640px) 100vw, 640px\" \/><\/a><\/figure><div class=\"elementor-image-box-content\"><h4 class=\"elementor-image-box-title\"><a href=\"#\">Etude de projet<\/a><\/h4><p class=\"elementor-image-box-description\">Pour ceux qui ont besoin d'un projet complet avec dessin 3D, budget complet des am\u00e9nagements, choix des mat\u00e9riaux et des couleurs<\/p><\/div><\/div>\t\t\t\t<\/div>\n\t\t\t\t<\/div>\n\t\t\t\t<\/div>\n\t\t<div class=\"elementor-element elementor-element-306fab85 e-con-full e-flex e-con e-child\" data-id=\"306fab85\" data-element_type=\"container\" data-e-type=\"container\">\n\t\t\t\t<div class=\"elementor-element elementor-element-653acd6f elementor-position-top elementor-widget elementor-widget-image-box\" data-id=\"653acd6f\" data-element_type=\"widget\" data-e-type=\"widget\" data-widget_type=\"image-box.default\">\n\t\t\t\t<div class=\"elementor-widget-container\">\n\t\t\t\t\t<div class=\"elementor-image-box-wrapper\"><figure class=\"elementor-image-box-img\"><a href=\"#\" tabindex=\"-1\"><img loading=\"lazy\" decoding=\"async\" width=\"719\" height=\"480\" src=\"https:\/\/sylviacreation.fr\/wp-content\/uploads\/2023\/10\/paint-933395__480.jpg\" class=\"elementor-animation-grow attachment-full size-full wp-image-354\" alt=\"\" srcset=\"https:\/\/sylviacreation.fr\/wp-content\/uploads\/2023\/10\/paint-933395__480.jpg 719w, https:\/\/sylviacreation.fr\/wp-content\/uploads\/2023\/10\/paint-933395__480-300x200.jpg 300w\" sizes=\"(max-width: 719px) 100vw, 719px\" \/><\/a><\/figure><div class=\"elementor-image-box-content\"><h4 class=\"elementor-image-box-title\"><a href=\"#\">Etude de projet et suivi des am\u00e9nagements<\/a><\/h4><p class=\"elementor-image-box-description\">Pour ceux qui veulent un projet cl\u00e9 en main avec livraison des am\u00e9nagements.<\/p><\/div><\/div>\t\t\t\t<\/div>\n\t\t\t\t<\/div>\n\t\t\t\t<\/div>\n\t\t\t\t<\/div>\n\t\t\t\t<\/div>\n\t\t<div class=\"elementor-element elementor-element-3c0c6d3f e-con-full e-flex e-con e-parent\" data-id=\"3c0c6d3f\" data-element_type=\"container\" data-e-type=\"container\">\n\t\t\t\t<div class=\"elementor-element elementor-element-6881e35 elementor-widget elementor-widget-heading\" data-id=\"6881e35\" data-element_type=\"widget\" data-e-type=\"widget\" data-widget_type=\"heading.default\">\n\t\t\t\t<div class=\"elementor-widget-container\">\n\t\t\t\t\t<h3 class=\"elementor-heading-title elementor-size-default\">Avis clients<\/h3>\t\t\t\t<\/div>\n\t\t\t\t<\/div>\n\t\t<div class=\"elementor-element elementor-element-93f567c e-con-full e-flex e-con e-child\" data-id=\"93f567c\" data-element_type=\"container\" data-e-type=\"container\">\n\t\t<div class=\"elementor-element elementor-element-10fd2196 e-con-full e-flex e-con e-child\" data-id=\"10fd2196\" data-element_type=\"container\" data-e-type=\"container\">\n\t\t\t\t<div class=\"elementor-element elementor-element-2681aace elementor-widget elementor-widget-testimonial\" data-id=\"2681aace\" data-element_type=\"widget\" data-e-type=\"widget\" data-settings=\"{&quot;_animation&quot;:&quot;none&quot;}\" data-widget_type=\"testimonial.default\">\n\t\t\t\t<div class=\"elementor-widget-container\">\n\t\t\t\t\t\t\t<div class=\"elementor-testimonial-wrapper\">\n\t\t\t\t\t\t\t<div class=\"elementor-testimonial-content\">\"Sylvia nous a donn\u00e9 de superbes id\u00e9es pour notre pi\u00e8ce de vie pour notre maison \u00e0 Thonon les bains. Elle a su s'adapter \u00e0 nos attentes et \u00e0 notre personnalit\u00e9. On a h\u00e2te de voir le r\u00e9sultat dans quelques mois (nous publierons quelques photos \u00e0 cette occasion). Nous la recommandons vivement pour personnaliser vos projets de d\u00e9coration int\u00e9rieure.\"<\/div>\n\t\t\t\n\t\t\t\t\t\t<div class=\"elementor-testimonial-meta\">\n\t\t\t\t<div class=\"elementor-testimonial-meta-inner\">\n\t\t\t\t\t\n\t\t\t\t\t\t\t\t\t\t<div class=\"elementor-testimonial-details\">\n\t\t\t\t\t\t\t\t\t\t\t\t\t\t<a class=\"elementor-testimonial-name\" href=\"https:\/\/g.co\/kgs\/JXbH69\">David<\/a>\n\t\t\t\t\t\t\t\t\t\t\t\t\t\t\t\t\t\t\t<\/div>\n\t\t\t\t\t\t\t\t\t<\/div>\n\t\t\t<\/div>\n\t\t\t\t\t<\/div>\n\t\t\t\t\t\t<\/div>\n\t\t\t\t<\/div>\n\t\t\t\t<\/div>\n\t\t<div class=\"elementor-element elementor-element-6138885a e-con-full e-flex e-con e-child\" data-id=\"6138885a\" data-element_type=\"container\" data-e-type=\"container\">\n\t\t\t\t<div class=\"elementor-element elementor-element-4137b02a elementor-invisible elementor-widget elementor-widget-testimonial\" data-id=\"4137b02a\" data-element_type=\"widget\" data-e-type=\"widget\" data-settings=\"{&quot;_animation&quot;:&quot;fadeInRight&quot;}\" data-widget_type=\"testimonial.default\">\n\t\t\t\t<div class=\"elementor-widget-container\">\n\t\t\t\t\t\t\t<div class=\"elementor-testimonial-wrapper\">\n\t\t\t\t\t\t\t<div class=\"elementor-testimonial-content\">\u201cJe recommande Sylvia cr\u00e9ation pour son exp\u00e9rience et son professionnalisme. Elle a su mettre en image les id\u00e9es que nous avions en t\u00eate. Son exp\u00e9rience lui \u00e0 permis de nous apporter des id\u00e9es sur le choix des couleurs, la forme des meubles, etc pour valoriser cette espace et faire en sorte que l'on s'y sente bien.\u201d<\/div>\n\t\t\t\n\t\t\t\t\t\t<div class=\"elementor-testimonial-meta\">\n\t\t\t\t<div class=\"elementor-testimonial-meta-inner\">\n\t\t\t\t\t\n\t\t\t\t\t\t\t\t\t\t<div class=\"elementor-testimonial-details\">\n\t\t\t\t\t\t\t\t\t\t\t\t\t\t<a class=\"elementor-testimonial-name\" href=\"https:\/\/g.co\/kgs\/5b8Z97\">Tony<\/a>\n\t\t\t\t\t\t\t\t\t\t\t\t\t\t\t\t\t\t\t<\/div>\n\t\t\t\t\t\t\t\t\t<\/div>\n\t\t\t<\/div>\n\t\t\t\t\t<\/div>\n\t\t\t\t\t\t<\/div>\n\t\t\t\t<\/div>\n\t\t\t\t<\/div>\n\t\t<div class=\"elementor-element elementor-element-4a276990 e-con-full e-flex e-con e-child\" data-id=\"4a276990\" data-element_type=\"container\" data-e-type=\"container\">\n\t\t\t\t<div class=\"elementor-element elementor-element-3c403f11 elementor-invisible elementor-widget elementor-widget-testimonial\" data-id=\"3c403f11\" data-element_type=\"widget\" data-e-type=\"widget\" data-settings=\"{&quot;_animation&quot;:&quot;fadeInRight&quot;}\" data-widget_type=\"testimonial.default\">\n\t\t\t\t<div class=\"elementor-widget-container\">\n\t\t\t\t\t\t\t<div class=\"elementor-testimonial-wrapper\">\n\t\t\t\t\t\t\t<div class=\"elementor-testimonial-content\">\u201cNous avons fait appel pour la deuxi\u00e8me fois aux services de Sylvia, d\u00e9coratrice d\u2019int\u00e9rieur. Cette fois pour une chambre parentale au Bourget du Lac en Savoie\nEt nous sommes encore une fois ravis de la d\u00e9coration d\u2019int\u00e9rieur qu\u2019elle nous a propos\u00e9e : chaleureuse, avec un agencement sur mesure.\nEncore un grand merci \u00e0 Sylvia !\u201d<\/div>\n\t\t\t\n\t\t\t\t\t\t<div class=\"elementor-testimonial-meta\">\n\t\t\t\t<div class=\"elementor-testimonial-meta-inner\">\n\t\t\t\t\t\n\t\t\t\t\t\t\t\t\t\t<div class=\"elementor-testimonial-details\">\n\t\t\t\t\t\t\t\t\t\t\t\t\t\t<a class=\"elementor-testimonial-name\" href=\"https:\/\/g.co\/kgs\/ktMYkw\">Elodie<\/a>\n\t\t\t\t\t\t\t\t\t\t\t\t\t\t\t\t\t\t\t<\/div>\n\t\t\t\t\t\t\t\t\t<\/div>\n\t\t\t<\/div>\n\t\t\t\t\t<\/div>\n\t\t\t\t\t\t<\/div>\n\t\t\t\t<\/div>\n\t\t\t\t<\/div>\n\t\t\t\t<\/div>\n\t\t\t\t<\/div>\n\t\t<div class=\"elementor-element elementor-element-07e569d e-con-full e-flex e-con e-parent\" data-id=\"07e569d\" data-element_type=\"container\" data-e-type=\"container\">\n\t\t<div class=\"elementor-element elementor-element-083188b e-con-full e-flex e-con e-child\" data-id=\"083188b\" data-element_type=\"container\" data-e-type=\"container\">\n\t\t<div class=\"elementor-element elementor-element-0196c5f e-con-full e-flex e-con e-child\" data-id=\"0196c5f\" data-element_type=\"container\" data-e-type=\"container\">\n\t\t\t\t<div class=\"elementor-element elementor-element-9d94ca0 elementor-widget elementor-widget-testimonial\" data-id=\"9d94ca0\" data-element_type=\"widget\" data-e-type=\"widget\" data-settings=\"{&quot;_animation&quot;:&quot;none&quot;}\" data-widget_type=\"testimonial.default\">\n\t\t\t\t<div class=\"elementor-widget-container\">\n\t\t\t\t\t\t\t<div class=\"elementor-testimonial-wrapper\">\n\t\t\t\t\t\t\t<div class=\"elementor-testimonial-content\">\"Nous avons fait appel \u00e0 Sylvia pour un am\u00e9nagement et d\u00e9coration pour notre restaurant Tha\u00eflandais, la mission \u00e9tait complexe comte tenu des volumes mais Sylvia a su r\u00e9pondre plus que favorablement \u00e0 nos attentes.\nA l'\u00e9coute du projet, r\u00e9active et force de proposition, le r\u00e9sultat est simplement superbe, nos clients et nous m\u00eames sommes ravis du r\u00e9sultat.\nNous recommandons Sylvia les yeux ferm\u00e9s.\nMerci\"<\/div>\n\t\t\t\n\t\t\t\t\t\t<div class=\"elementor-testimonial-meta\">\n\t\t\t\t<div class=\"elementor-testimonial-meta-inner\">\n\t\t\t\t\t\n\t\t\t\t\t\t\t\t\t\t<div class=\"elementor-testimonial-details\">\n\t\t\t\t\t\t\t\t\t\t\t\t\t\t<a class=\"elementor-testimonial-name\" href=\"https:\/\/g.co\/kgs\/Y4eLDD\">Nanticha et Gr\u00e9gory Restaurant LAYNOU Tha\u00ef Kitchen<\/a>\n\t\t\t\t\t\t\t\t\t\t\t\t\t\t\t\t\t\t\t<\/div>\n\t\t\t\t\t\t\t\t\t<\/div>\n\t\t\t<\/div>\n\t\t\t\t\t<\/div>\n\t\t\t\t\t\t<\/div>\n\t\t\t\t<\/div>\n\t\t\t\t<\/div>\n\t\t<div class=\"elementor-element elementor-element-956580a e-con-full e-flex e-con e-child\" data-id=\"956580a\" data-element_type=\"container\" data-e-type=\"container\">\n\t\t\t\t<div class=\"elementor-element elementor-element-fb3a6a4 elementor-invisible elementor-widget elementor-widget-testimonial\" data-id=\"fb3a6a4\" data-element_type=\"widget\" data-e-type=\"widget\" data-settings=\"{&quot;_animation&quot;:&quot;fadeInRight&quot;}\" data-widget_type=\"testimonial.default\">\n\t\t\t\t<div class=\"elementor-widget-container\">\n\t\t\t\t\t\t\t<div class=\"elementor-testimonial-wrapper\">\n\t\t\t\t\t\t\t<div class=\"elementor-testimonial-content\">\u201cMadame Ravaux nous a accompagn\u00e9 dans la restructuration de notre entr\u00e9e, couloir et cuisine... Tr\u00e8s a l'\u00e9coute, elle a su rapidement saisir notre sensibilit\u00e9 et nous faire des propositions pertinentes que nous n'aurions peut \u00eatre pas os\u00e9es. Ses conseils sont toujours mesur\u00e9s et ses propositions raisonnables. Le r\u00e9sultat fait l'unanimit\u00e9 et nous nous sentons tr\u00e8s bien dans ce nouvel environnement. Merci Sylvia !.\u201d<\/div>\n\t\t\t\n\t\t\t\t\t\t<div class=\"elementor-testimonial-meta\">\n\t\t\t\t<div class=\"elementor-testimonial-meta-inner\">\n\t\t\t\t\t\n\t\t\t\t\t\t\t\t\t\t<div class=\"elementor-testimonial-details\">\n\t\t\t\t\t\t\t\t\t\t\t\t\t\t<a class=\"elementor-testimonial-name\" href=\"https:\/\/g.co\/kgs\/CqqDTx\">L\u00e9opold<\/a>\n\t\t\t\t\t\t\t\t\t\t\t\t\t\t\t\t\t\t\t<\/div>\n\t\t\t\t\t\t\t\t\t<\/div>\n\t\t\t<\/div>\n\t\t\t\t\t<\/div>\n\t\t\t\t\t\t<\/div>\n\t\t\t\t<\/div>\n\t\t\t\t<\/div>\n\t\t<div class=\"elementor-element elementor-element-190f49b e-con-full e-flex e-con e-child\" data-id=\"190f49b\" data-element_type=\"container\" data-e-type=\"container\">\n\t\t\t\t<div class=\"elementor-element elementor-element-3f0326b elementor-invisible elementor-widget elementor-widget-testimonial\" data-id=\"3f0326b\" data-element_type=\"widget\" data-e-type=\"widget\" data-settings=\"{&quot;_animation&quot;:&quot;fadeInRight&quot;}\" data-widget_type=\"testimonial.default\">\n\t\t\t\t<div class=\"elementor-widget-container\">\n\t\t\t\t\t\t\t<div class=\"elementor-testimonial-wrapper\">\n\t\t\t\t\t\t\t<div class=\"elementor-testimonial-content\">\u201cSylvia RAVAUX nous a aid\u00e9s dans le projet de r\u00e9novation d\u2019un studio parisien. Nous avons appr\u00e9ci\u00e9 ses conseils, les plans en 3D du projet, les planches d\u2019inspiration et les liens vers les sites de vente (mobilier, d\u00e9coration). Elle a su r\u00e9pondre \u00e0 nos attentes et a \u00e9t\u00e9 \u00e0 notre \u00e9coute tout au long du projet. Un grand merci \u00e0 elle !\u201d<\/div>\n\t\t\t\n\t\t\t\t\t\t<div class=\"elementor-testimonial-meta\">\n\t\t\t\t<div class=\"elementor-testimonial-meta-inner\">\n\t\t\t\t\t\n\t\t\t\t\t\t\t\t\t\t<div class=\"elementor-testimonial-details\">\n\t\t\t\t\t\t\t\t\t\t\t\t\t\t<a class=\"elementor-testimonial-name\" href=\"https:\/\/g.co\/kgs\/7zSyGx\">H\u00e9l\u00e8ne &amp; Pierre Yves<\/a>\n\t\t\t\t\t\t\t\t\t\t\t\t\t\t\t\t\t\t\t<\/div>\n\t\t\t\t\t\t\t\t\t<\/div>\n\t\t\t<\/div>\n\t\t\t\t\t<\/div>\n\t\t\t\t\t\t<\/div>\n\t\t\t\t<\/div>\n\t\t\t\t<\/div>\n\t\t\t\t<\/div>\n\t\t\t\t<\/div>\n\t\t<div class=\"elementor-element elementor-element-9b4be91 e-flex e-con-boxed e-con e-parent\" data-id=\"9b4be91\" data-element_type=\"container\" data-e-type=\"container\">\n\t\t\t\t\t<div class=\"e-con-inner\">\n\t\t\t\t<div class=\"elementor-element elementor-element-f394c0c elementor-widget-divider--view-line elementor-widget elementor-widget-divider\" data-id=\"f394c0c\" data-element_type=\"widget\" data-e-type=\"widget\" data-widget_type=\"divider.default\">\n\t\t\t\t<div class=\"elementor-widget-container\">\n\t\t\t\t\t\t\t<div class=\"elementor-divider\">\n\t\t\t<span class=\"elementor-divider-separator\">\n\t\t\t\t\t\t<\/span>\n\t\t<\/div>\n\t\t\t\t\t\t<\/div>\n\t\t\t\t<\/div>\n\t\t\t\t\t<\/div>\n\t\t\t\t<\/div>\n\t\t<footer class=\"elementor-element elementor-element-5cb3eba5 e-con-full e-flex e-con e-parent\" data-id=\"5cb3eba5\" data-element_type=\"container\" data-e-type=\"container\">\n\t\t<div class=\"elementor-element elementor-element-74726332 e-con-full e-flex e-con e-child\" data-id=\"74726332\" data-element_type=\"container\" data-e-type=\"container\">\n\t\t\t\t<div class=\"elementor-element elementor-element-53f35edf elementor-widget elementor-widget-image\" data-id=\"53f35edf\" data-element_type=\"widget\" data-e-type=\"widget\" data-widget_type=\"image.default\">\n\t\t\t\t<div class=\"elementor-widget-container\">\n\t\t\t\t\t\t\t\t\t\t\t\t\t\t\t<img loading=\"lazy\" decoding=\"async\" width=\"250\" height=\"250\" src=\"https:\/\/sylviacreation.fr\/wp-content\/uploads\/2023\/10\/Logo-SR-3-250x250-1.png\" class=\"attachment-full size-full wp-image-29\" alt=\"\" srcset=\"https:\/\/sylviacreation.fr\/wp-content\/uploads\/2023\/10\/Logo-SR-3-250x250-1.png 250w, https:\/\/sylviacreation.fr\/wp-content\/uploads\/2023\/10\/Logo-SR-3-250x250-1-150x150.png 150w\" sizes=\"(max-width: 250px) 100vw, 250px\" \/>\t\t\t\t\t\t\t\t\t\t\t\t\t\t\t<\/div>\n\t\t\t\t<\/div>\n\t\t\t\t<\/div>\n\t\t<div class=\"elementor-element elementor-element-e9213e e-con-full e-flex e-con e-child\" data-id=\"e9213e\" data-element_type=\"container\" data-e-type=\"container\">\n\t\t\t\t<div class=\"elementor-element elementor-element-58acf1cc elementor-icon-list--layout-inline elementor-tablet-align-center elementor-align-center elementor-list-item-link-full_width elementor-widget elementor-widget-icon-list\" data-id=\"58acf1cc\" data-element_type=\"widget\" data-e-type=\"widget\" data-widget_type=\"icon-list.default\">\n\t\t\t\t<div class=\"elementor-widget-container\">\n\t\t\t\t\t\t\t<ul class=\"elementor-icon-list-items elementor-inline-items\">\n\t\t\t\t\t\t\t<li class=\"elementor-icon-list-item elementor-inline-item\">\n\t\t\t\t\t\t\t\t\t\t<span class=\"elementor-icon-list-text\"><\/span>\n\t\t\t\t\t\t\t\t\t<\/li>\n\t\t\t\t\t\t<\/ul>\n\t\t\t\t\t\t<\/div>\n\t\t\t\t<\/div>\n\t\t\t\t<\/div>\n\t\t<div class=\"elementor-element elementor-element-704e1a5b e-con-full e-flex e-con e-child\" data-id=\"704e1a5b\" data-element_type=\"container\" data-e-type=\"container\">\n\t\t\t\t<div class=\"elementor-element elementor-element-491e96e e-grid-align-right e-grid-align-tablet-right e-grid-align-mobile-center elementor-widget-mobile__width-inherit elementor-shape-rounded elementor-grid-0 elementor-widget elementor-widget-social-icons\" data-id=\"491e96e\" data-element_type=\"widget\" data-e-type=\"widget\" data-widget_type=\"social-icons.default\">\n\t\t\t\t<div class=\"elementor-widget-container\">\n\t\t\t\t\t\t\t<div class=\"elementor-social-icons-wrapper elementor-grid\" role=\"list\">\n\t\t\t\t\t\t\t<span class=\"elementor-grid-item\" role=\"listitem\">\n\t\t\t\t\t<a class=\"elementor-icon elementor-social-icon elementor-social-icon-facebook-f elementor-repeater-item-3f1b7ac\" href=\"https:\/\/www.facebook.com\/sylviacreationdinterieur\" target=\"_blank\">\n\t\t\t\t\t\t<span class=\"elementor-screen-only\">Facebook-f<\/span>\n\t\t\t\t\t\t<i aria-hidden=\"true\" class=\"fab fa-facebook-f\"><\/i>\t\t\t\t\t<\/a>\n\t\t\t\t<\/span>\n\t\t\t\t\t\t\t<span class=\"elementor-grid-item\" role=\"listitem\">\n\t\t\t\t\t<a class=\"elementor-icon elementor-social-icon elementor-social-icon-instagram elementor-repeater-item-5c0ce3c\" href=\"https:\/\/www.instagram.com\/sylvia.ravaux\/?hl=fr\" target=\"_blank\">\n\t\t\t\t\t\t<span class=\"elementor-screen-only\">Instagram<\/span>\n\t\t\t\t\t\t<i aria-hidden=\"true\" class=\"fab fa-instagram\"><\/i>\t\t\t\t\t<\/a>\n\t\t\t\t<\/span>\n\t\t\t\t\t\t\t<span class=\"elementor-grid-item\" role=\"listitem\">\n\t\t\t\t\t<a class=\"elementor-icon elementor-social-icon elementor-social-icon-linkedin elementor-repeater-item-e66d2c9\" href=\"https:\/\/www.linkedin.com\/in\/sylvia-cr%C3%A9ation-b8172376\/recent-activity\/all\/\" target=\"_blank\">\n\t\t\t\t\t\t<span class=\"elementor-screen-only\">Linkedin<\/span>\n\t\t\t\t\t\t<i aria-hidden=\"true\" class=\"fab fa-linkedin\"><\/i>\t\t\t\t\t<\/a>\n\t\t\t\t<\/span>\n\t\t\t\t\t<\/div>\n\t\t\t\t\t\t<\/div>\n\t\t\t\t<\/div>\n\t\t\t\t<\/div>\n\t\t\t\t<\/footer>\n\t\t<div class=\"elementor-element elementor-element-d72c6fc e-flex e-con-boxed e-con e-parent\" data-id=\"d72c6fc\" data-element_type=\"container\" data-e-type=\"container\">\n\t\t\t\t\t<div class=\"e-con-inner\">\n\t\t\t\t<div class=\"elementor-element elementor-element-6891d8a elementor-view-default elementor-widget elementor-widget-icon\" data-id=\"6891d8a\" data-element_type=\"widget\" data-e-type=\"widget\" data-widget_type=\"icon.default\">\n\t\t\t\t<div class=\"elementor-widget-container\">\n\t\t\t\t\t\t\t<div class=\"elementor-icon-wrapper\">\n\t\t\t<a class=\"elementor-icon\" href=\"#\">\n\t\t\t<i aria-hidden=\"true\" class=\"far fa-arrow-alt-circle-up\"><\/i>\t\t\t<\/a>\n\t\t<\/div>\n\t\t\t\t\t\t<\/div>\n\t\t\t\t<\/div>\n\t\t\t\t\t<\/div>\n\t\t\t\t<\/div>\n\t\t\t\t<\/div>\n\t\t","protected":false},"excerpt":{"rendered":"<p>Un projet d&rsquo;am\u00e9nagement ou de d\u00e9coration ? On prend rendez-vous ? Conception sur [&hellip;]<\/p>\n","protected":false},"author":1,"featured_media":0,"parent":0,"menu_order":0,"comment_status":"closed","ping_status":"closed","template":"","meta":{"saved_in_kubio":false,"footnotes":""},"class_list":["post-35","page","type-page","status-publish","hentry"],"kubio_ai_page_context":{"short_desc":"","purpose":"general"},"_links":{"self":[{"href":"https:\/\/sylviacreation.fr\/index.php\/wp-json\/wp\/v2\/pages\/35","targetHints":{"allow":["GET"]}}],"collection":[{"href":"https:\/\/sylviacreation.fr\/index.php\/wp-json\/wp\/v2\/pages"}],"about":[{"href":"https:\/\/sylviacreation.fr\/index.php\/wp-json\/wp\/v2\/types\/page"}],"author":[{"embeddable":true,"href":"https:\/\/sylviacreation.fr\/index.php\/wp-json\/wp\/v2\/users\/1"}],"replies":[{"embeddable":true,"href":"https:\/\/sylviacreation.fr\/index.php\/wp-json\/wp\/v2\/comments?post=35"}],"version-history":[{"count":208,"href":"https:\/\/sylviacreation.fr\/index.php\/wp-json\/wp\/v2\/pages\/35\/revisions"}],"predecessor-version":[{"id":1798,"href":"https:\/\/sylviacreation.fr\/index.php\/wp-json\/wp\/v2\/pages\/35\/revisions\/1798"}],"wp:attachment":[{"href":"https:\/\/sylviacreation.fr\/index.php\/wp-json\/wp\/v2\/media?parent=35"}],"curies":[{"name":"wp","href":"https:\/\/api.w.org\/{rel}","templated":true}]}}